et t be u(x). List the prime factors of a(t).
2, 5
Let q(k) = 2*k - 5*k - 3*k**3 - 3 - 3*k**2 + 0*k**2. List the prime factors of q(-2).
3, 5
Let i(s) be the first derivative of 6*s - 1/4*s**4 + 2 - 1/2*s**2 - 5/3*s**3. List the prime factors of i(-5).
11
Let n(p) be the first derivative of p**3/3 + p**2/2 - 3. Let b be n(-2). Suppose 6 = b*r + r. List the prime factors of r.
2
Let n(b) = -b**3 + 6*b**2 + 4*b + 2. List the prime factors of n(5).
47
Let o(x) = x. Let n be o(4). Suppose n*i - 183 = 9. List the prime factors of i.
2, 3
Suppose -3*b = -16 - 5. Let v = b + -3. List the prime factors of (0 + (-10)/v)*-4.
2, 5
Let d(t) be the first derivative of 13*t**2/2 - 3*t + 1. Let u(i) = -2*i - 10. Let y be u(-6). List the prime factors of d(y).
23
Let u be 50/(-15)*(-24)/(-10). Let w(j) = -3*j - 7. What are the prime factors of w(u)?
17
Let b be (6/(-8))/(18/(-216)). List the prime factors of ((-114)/(-9))/(6/b).
19
Let a = 70 - 34. Suppose 5*w = 4*m - 52, 2*m + 0*w = 5*w + a. List the prime factors of m.
2
Let d = 392 + -265. List the prime factors of d.
127
Suppose -4*m - 500 = -4*f, 2*f - 3*m = -2*m + 251. What are the prime factors of f?
2, 3, 7
Let y(u) = 4*u + 4. Let d be (27 + -5)/(2/1). Let b be y(d). Suppose -2*t + b = 5*v - 0*t, 0 = 4*v + 4*t - 36. What are the prime factors of v?
2, 5
Suppose 0 = -10*t - 226 + 626. List the prime factors of t.
2, 5
Let s be (-3)/6*(1 + -1). Suppose s = -y + 5*h - 4, 3*y = -y - h + 47. List the prime factors of y.
11
Let m(z) = 3*z**3 - z + 1. Let p be m(1). What are the prime factors of p - 3/((-3)/16)?
19
Suppose l - 7 = -3*i, 2*i + 3*l + 10 = 3. Suppose 2*q + 2*q = -i*a + 120, -4*q = a - 111. List the prime factors of q.
3
Let t be 2/(-4) + (-56)/16. What are the prime factors of ((-4)/(-3))/(t/(-12))?
2
Let y(n) = 2*n**3 - 2*n**2 - 6*n + 5. List the prime factors of y(3).
23
Let q(n) = n**3 - 4*n**2 + 3. Let h be q(3). Let l be 0*3/h + 3. List the prime factors of (-17*(2 - l))/1.
17
Let o(b) = -3*b - 3. Let r(y) be the first derivative of -y**2/2 + 2. Let t be r(2). List the prime factors of o(t).
3
Let y be -4*1 + 1 + 2. What are the prime factors of 12/(6/(-4)*y)?
2
Suppose -3*o = 2*o - 35. Suppose -o = -2*u + u. What are the prime factors of u?
7
Suppose -4*d = 5*p - 306, -3*p - d = 3*d - 190. List the prime factors of p.
2, 29
Suppose -36 + 7 = -3*p - 5*c, -p - 5*c + 13 = 0. Suppose -4*s = -0 - p. Suppose 5*t - s = 5*b + 48, -4*t - 3*b + 54 = 0. What are the prime factors of t?
2, 3
Suppose 2*c + 2*c - 4 = 0. Let y be 1 - (-2 + (5 - c)). List the prime factors of -8*(1 + -3 - y).
2
Let c(h) = h + 7. Let b(x) be the third derivative of -x**4/12 - 5*x**3/2 - 3*x**2. Let d(o) = 6*b(o) + 13*c(o). List the prime factors of d(5).
2, 3
Let r be 1 - (-3 + -7) - 3. Suppose -r = c + 1. What are the prime factors of (-25)/c + (-2)/(-9)?
3
What are the prime factors of (1043/21)/(2/6)?
149
Let v = 15 - 10. Let n = v - -6. What are the prime factors of n?
11
Suppose 9*w - 23 = 8*w. What are the prime factors of w?
23
Suppose 2*b - 7*b = 2*n - 188, -3*n + 332 = -5*b. List the prime factors of n.
2, 13
Let g be (41 + -16)*4/(-10). List the prime factors of 2/g + (-116)/(-5).
23
Suppose -130 + 13 = -3*z. What are the prime factors of z?
3, 13
Suppose -3*s + 3 = 3*l, 7 = 4*l + l + 3*s. Suppose 2*p + 8 = r + 61, -35 = -2*p - 5*r. Suppose -l*j = -7*j + p. List the prime factors of j.
5
Suppose 17*r = 12*r + 10. Let o = 1 + 1. Suppose r*z + o*z - 20 = 0. What are the prime factors of z?
5
Suppose y = 5*v - 1 - 0, -5*v = -4*y + 71. List the prime factors of y.
2, 3
Let h = 8 + -1. Let d = h - 1. Suppose -3*b + 27 = -d. What are the prime factors of b?
11
Let x(k) = -k**3 - 6*k**2 - 10*k - 6. What are the prime factors of x(-6)?
2, 3
Let u(m) = -m**3 - 11*m**2 + 12*m - 10. Let z be u(-12). Let b = -7 - z. Suppose 1 - 58 = -b*h. List the prime factors of h.
19
Suppose 9*n + 96 = 5*n. Let c = 7 - n. List the prime factors of c.
31
Let r(p) be the second derivative of -3*p**5/5 - p**4/12 + p**3/6 - p. Let s be r(1). List the prime factors of s/14*28/(-4).
2, 3
Let m(y) = y**2 + 3*y - 2. Let l be m(5). Suppose t = 5*z + 66, -5*z = -2*t + l + 79. List the prime factors of t.
3, 17
Suppose -4*t - 38 = -6*t. List the prime factors of t.
19
Let u(c) = -c + 1. Let i(l) = 32*l - 32. Let p(f) = -i(f) - 24*u(f). List the prime factors of p(-5).
2, 3
Suppose -n - 19 = 2*w - 2*n, 0 = 2*w + n + 13. List the prime factors of (-1 + 3)/((-4)/w).
2
Let o = 11 + -7. Let s(k) = 2*k**2 + k - 2. List the prime factors of s(o).
2, 17
Let w = -3 - -6. Suppose 2*p = q + 3, 2 = -2*q + 5*p - 2*p. Suppose q*h - w = 22. List the prime factors of h.
5
Suppose -11*h + 9*h = -4. What are the prime factors of h?
2
Suppose 21 = 3*q + 2*z, 5*q + 0*z + 3*z = 34. Suppose -4*p = 4*w + w - 15, 3*w - q*p = 46. List the prime factors of w.
7
Suppose 3*x - 213 = 57. List the prime factors of x.
2, 3, 5
Suppose 0 = -3*i - 4*a + 413, 5*a - 5 = 5. What are the prime factors of i?
3, 5
Let u be (-8)/(-16)*(-1 - -95). Let n = u - 28. List the prime factors of n.
19
Let w be 2/5 + (-21)/15. List the prime factors of 10/((-3 - -1)/w).
5
Let d = 2 - -10. What are the prime factors of d?
2, 3
Let i be (-1550)/(-60) + 1/6. Let a(j) = -j**2 - 7*j - 3. Let g be a(-6). Suppose -i = f - g*f. What are the prime factors of f?
13
List the prime factors of 0 - 2 - (-31 + -1).
2, 3, 5
Suppose 5*r + c = 3*c + 12, c = r - 3. Let q(y) = y**3 + 3*y**2 - 4*y + 3. What are the prime factors of q(r)?
3, 5
Let q be (6 + -1)/(9/27). Suppose -q - 12 = -3*a. What are the prime factors of a?
3
Let u = -19 + 31. Suppose 4*k = u + 4, -k = -4*d + 72. List the prime factors of d.
19
Suppose 0 = v - 297 + 93. List the prime factors of v.
2, 3, 17
Let o be -5*(0 + -1)/5. Let h = 2 + o. Suppose 6 = -2*k + h*y + 30, -2*k = y - 16. List the prime factors of k.
3
Let i = 42 + -30. List the prime factors of i*(4/(-8) + 1).
2, 3
Let u(j) = -9*j + 3. Suppose 2*g + 9 = 5*f, -4 = 4*g - f + 5. What are the prime factors of u(g)?
3, 7
Suppose 3*y - 49 - 242 = 0. List the prime factors of y.
97
Let p = -15 + 25. List the prime factors of p.
2, 5
Let w be 77/14 + 2/(-4). Suppose 0 = -3*q + f + 11, -q + w*f + 34 - 7 = 0. Suppose -q*o + 24 = -o + 5*x, 12 = 2*o - 2*x. What are the prime factors of o?
3
Let c(g) = -2*g**2 - 1 - 2*g**2 + 3*g**2 - 5*g - 4*g. Let z be 0/(-2) - (4 + 4). List the prime factors of c(z).
7
Let k(x) = x**2 + 2*x + 4. What are the prime factors of k(4)?
2, 7
Suppose 10*c - 137 = -7. List the prime factors of c.
13
Let m(b) = 5*b**3 + b**2 + 2. Let x be m(2). Suppose r - x = -r. Suppose -45 = -4*u + r. What are the prime factors of u?
17
List the prime factors of ((-58)/(-10))/(9/45).
29
Let c = -37 + 60. What are the prime factors of c?
23
Suppose -2*u + 5*b - 23 = 0, 3*u - 2*b = 3*b - 32. Suppose 2*x + 6 = -5*f - 11, 2*x + 16 = -4*f. What are the prime factors of 1/(-1 + u/x)?
2
Let j(d) = 9*d**2 + 2*d - 3. What are the prime factors of j(2)?
37
Let q(w) = 5 - 3*w - 4 + 2 - 3*w. List the prime factors of q(-4).
3
Suppose 24 = -0*a + a. Suppose 4 = -4*k + 3*h, -4*h = -0*k + 4*k - a. Suppose -2*t = -5*t + 5*g + 46, 0 = -k*g - 4. List the prime factors of t.
2, 3
Let i(d) = 5*d**3 - 2*d**2 + 1. Let w be -3 + 1 + 1 - -3. Suppose 11 = 3*x - 4*y, w = -x + 2*y + 7. What are the prime factors of i(x)?
2
Suppose h + y - 2 = 0, h - 3*h + 2*y = 12. What are the prime factors of 1 - -8 - (h + 3)?
2
Suppose -22*b - 654 = -25*b. What are the prime factors of b?
2, 109
Let c = 5 + -3. List the prime factors of 13 + c + 0 - 1.
2, 7
Let t = 0 - -2. Suppose -n - 3*n + 36 = -t*w, -n = -5*w - 9. What are the prime factors of n?
3
Let q = -64 + 168. What are the prime factors of q?
2, 13
List the prime factors of -2*(-11 + (0 - -3)).
2
Let k = 5 - 2. What are the prime factors of k?
3
Let c = -16 - -35. What are the prime factors of c?
19
Let y be 1/(1/2) + 1. Suppose -p + 0 + 11 = c, -3*p + y*c + 27 = 0. Let u = -3 + p. List the prime factors of u.
7
Let y(k) = 3*k**2 - 1. Let x be y(3). Let t = x - 2. Suppose 2*u + 4*r = t, 2*u + 3*r - 9 = 12. List the prime factors of u.
2, 3
Suppose -2*u + 3*d = -2, 3*u + d = -5 + 19. Let f(g) = u*g - g - 2*g. List the prime factors of f(4).
2
Let b(t) = -t**3 